4?
5
Calculate the remainder when 7062 is divided by 104.
94
Calculate the remainder when 479 is divided by 73.
41
What is the remainder when 145 is divided by 124?
21
Calculate the remainder when 570 is divided by 13.
11
What is the remainder when 313 is divided by 80?
73
What is the remainder when 1056 is divided by 53?
49
What is the remainder when 2651 is divided by 68?
67
What is the remainder when 304 is divided by 78?
70
What is the remainder when 1699 is divided by 727?
245
What is the remainder when 359 is divided by 15?
14
Calculate the remainder when 3177 is divided by 2.
1
What is the remainder when 102 is divided by 35?
32
What is the remainder when 4340 is divided by 13?
11
Calculate the remainder when 871 is divided by 173.
6
Calculate the remainder when 297 is divided by 43.
39
What is the remainder when 1235 is divided by 306?
11
Calculate the remainder when 347 is divided by 13.
9
What is the remainder when 20509 is divided by 9?
7
Calculate the remainder when 183 is divided by 14.
1
Calculate the remainder when 178 is divided by 78.
22
Calculate the remainder when 549 is divided by 152.
93
Calculate the remainder when 469 is divided by 68.
61
What is the remainder when 174 is divided by 44?
42
Calculate the remainder when 90 is divided by 48.
42
What is the remainder when 2657 is divided by 74?
67
What is the remainder when 39 is divided by 24?
15
What is the remainder when 1626 is divided by 411?
393
Calculate the remainder when 79303 is divided by 38.
35
Calculate the remainder when 1614 is divided by 7.
4
What is the remainder when 6385 is divided by 31?
30
What is the remainder when 3249 is divided by 65?
64
What is the remainder when 5362 is divided by 36?
34
Calculate the remainder when 97 is divided by 20.
17
Calculate the remainder when 1157 is divided by 9.
5
Calculate the remainder when 1009 is divided by 137.
50
What is the remainder when 922 is divided by 21?
19
What is the remainder when 249 is divided by 84?
81
Calculate the remainder when 3299 is divided by 299.
10
What is the remainder when 913 is divided by 66?
55
Calculate the remainder when 557 is divided by 43.
41
Calculate the remainder when 96 is divided by 5.
1
Calculate the remainder when 115 is divided by 99.
16
Calculate the remainder when 94 is divided by 22.
6
Calculate the remainder when 3606 is divided by 82.
80
What is the remainder when 420 is divided by 109?
93
What is the remainder when 305 is divided by 11?
8
Calculate the remainder when 36 is divided by 30.
6
Calculate the remainder when 136 is divided by 14.
10
What is the remainder when 519 is divided by 13?
12
Calculate the remainder when 1903 is divided by 27.
13
Calculate the remainder when 3072 is divided by 305.
22
Calculate the remainder when 164 is divided by 102.
62
What is the remainder when 835 is divided by 35?
30
What is the remainder when 1595 is divided by 19?
18
Calculate the remainder when 1255 is divided by 18.
13
Calculate the remainder when 287 is divided by 65.
27
What is the remainder when 266 is divided by 67?
65
What is the remainder when 70 is divided by 56?
14
What is the remainder when 173 is divided by 74?
25
Calculate the remainder when 77 is divided by 8.
5
Calculate the remainder when 1984 is divided by 1978.
6
Calculate the remainder when 700 is divided by 237.
226
Calculate the remainder when 317 is divided by 29.
27
Calculate the remainder when 239 is divided by 82.
75
Calculate the remainder when 779 is divided by 365.
49
Calculate the remainder when 327 is divided by 98.
33
What is the remainder when 580 is divided by 83?
82
Calculate the remainder when 80 is divided by 76.
4
Calculate the remainder when 390 is divided by 190.
10
What is the remainder when 1831 is divided by 20?
11
What is the remainder when 67 is divided by 9?
4
Calculate the remainder when 36 is divided by 3.
0
Calculate the remainder when 243 is divided by 31.
26
Calculate the remainder when 115 is divided by 40.
35
Calculate the remainder when 858 is divided by 10.
8
What is the remainder when 623 is divided by 18?
11
Calculate the remainder when 23 is divided by 9.
5
What is the remainder when 51 is divided by 11?
7
What is the remainder when 248 is divided by 28?
24
What is the remainder when 145 is divided by 12?
1
What is the remainder when 988 is divided by 459?
70
Calculate the remainder when 383 is divided by 368.
15
Calculate the remainder when 12217 is divided by 126.
121
What is the remainder when 1298 is divided by 129?
8
Calculate the remainder when 172 is divided by 1.
0
What is the remainder when 82 is divided by 8?
2
Calculate the remainder when 67939 is divided by 215.
214
What is the remainder when 117 is divided by 102?
15
What is the remainder when 122 is divided by 66?
56
What is the remainder when 724 is divided by 204?
112
Calculate the remainder when 143 is divided by 134.
9
Calculate the remainder when 107 is divided by 5.
2
Calculate the remainder when 178 is divided by 13.
9
Calculate the remainder when 97 is divided by 11.
9
What is the remainder when 105 is divided by 39?
27
Calculate the remainder when 705 is divided by 62.
23
Calculate the remainder when 205 is divided by 194.
11
What is the remainder when 1139 is divided by 163?
161
Calculate the remainder when 587 is divided by 18.
11
Calculate the remainder when 3855 is divided by 3.
0
What is the remainder when 79 is divided by 5?
4
What is the remainder when 57 is divided by 12?
9
Calculate the remainder when 836 is divided by 31.
30
What is the remainder when 107 is divided by 6?
5
What is the remainder when 256 is divided by 22?
14
What is the remainder when 233 is divided by 79?
75
What is the remainder when 89 is divided by 33?
23
What is the remainder when 147 is divided by 37?
36
Calculate the remainder when 16 is divided by 5.
1
What is the remainder when 889 is divided by 5?
4
Calculate the remainder when 265 is divided by 19.
18
Calculate the remainder when 10908 is divided by 37.
30
What is the remainder when 181 is divided by 53?
22
Calculate the remainder when 375 is divided by 77.
67
What is the remainder when 31 is divided by 10?
1
Calculate the remainder when 133 is divided by 40.
13
Calculate the remainder when 802 is divided by 454.
348
Calculate the remainder when 1032 is divided by 9.
6
Calculate the remainder when 156 is divided by 62.
32
What is the remainder when 157 is divided by 125?
32
Calculate the remainder when 720 is divided by 150.
120
Calculate the remainder when 7540 is divided by 154.
148
Calculate the remainder when 827 is divided by 52.
47
Calculate the remainder when 4966 is divided by 207.
205
What is the remainder when 57974 is divided by 25?
24
Calculate the remainder when 199 is divided by 102.
97
What is the remainder when 413 is divided by 52?
49
What is the remainder when 617 is divided by 418?
199
What is the remainder when 291 is divided by 43?
33
What is the remainder when 89 is divided by 5?
4
Calculate the remainder when 92 is divided by 20.
12
Calculate the remainder when 368 is divided by 47.
39
Calculate the remainder when 96 is divided by 35.
26
Calculate the remainder when 77 is divided by 8.
5
Calculate the remainder when 178 is divided by 91.
87
What is the remainder when 462 is divided by 162?
138
What is the remainder when 249 is divided by 32?
25
Calculate the remainder when 32 is divided by 8.
0
Calculate the remainder when 217 is divided by 14.
7
What is the remainder when 484 is divided by 97?
96
What is the remainder when 13857 is divided by 105?
102
Calculate the remainder when 306 is divided by 22.
20
Calculate the remainder when 134 is divided by 30.
14
What is the remainder when 57 is divided by 6?
3
What is the remainder when 4840 is divided by 47?
46
Calculate the remainder when 160 is divided by 18.
16
What is the remainder when 178 is divided by 41?
14
What is the remainder when 2202 is divided by 24?
18
What is the remainder when 1852 is divided by 64?
60
Calculate the remainder when 124 is divided by 85.
39
What is the remainder when 153 is divided by 43?
24
What is the remainder when 882 is divided by 22?
2
Calculate the remainder when 79 is divided by 40.
39
What is the remainder when 277 is divided by 70?
67
What is the